hen q is divided by 8?
5
Let i(c) = c**3 - 39*c**2 - 31*c + 25. Calculate the remainder when i(40) is divided by 49.
42
Let n = -58 - -28. Let l = 55 + n. Calculate the remainder when -1*(-48 + (-3)/3) is divided by l.
24
Let l(h) = -h**2 - 6*h - 3. Let y(x) = -x - 1. Let s be y(3). Let q be l(s). Suppose -3*v + 211 = -q. What is the remainder when v is divided by 25?
22
Suppose 0 = 3*z + 4*k - 200, -5*z - 43*k + 348 = -40*k. Let c = -30 - -56. Calculate the remainder when z is divided by c.
20
Let x = -27 + 29. Suppose -2*j - 2 = 3*s, 3*j + x = -6*s + s. Suppose 35 = 5*g + 5*m, 2*g - s*m - 2 = 2*m. What is the remainder when 13 is divided by g?
3
Let t be (-3)/9 - (-160)/3. Let d be 4/(-24) - t/6. Let m = -4 - d. Calculate the remainder when 19 is divided by m.
4
Suppose 3*z + 82 = -5*w, -5*w - 88 = -0*w - 3*z. Let s = -9 - w. Suppose 3*r + 7 = -s, 3*u = -r + 46. Calculate the remainder when 50 is divided by u.
16
Let p be 6*(-1 + 14/6). Let z(l) = -l**3 - 14*l**2 - 13*l + 8. Let y be z(-13). Calculate the remainder when (-2 - p)/((-1)/y) is divided by 27.
26
What is the remainder when (24/(-15))/((-26)/4810) is divided by 60?
56
Suppose 149 = 5*b - 4*h + 24, 0 = 3*b + 3*h - 102. Suppose -r = -i + 17, 5*i + 5*r - 85 = -0*r. What is the remainder when b is divided by i?
12
What is the remainder when (-1 - 0)/(5436/(-1086) + 5) is divided by 26?
25
Let r(l) = -l**3 - 6*l**2 - 6*l - 3. Let o be r(-5). Suppose 107 = o*y - y. Calculate the remainder when y is divided by 22.
19
Let w = 2 + 9. What is the remainder when (10 - 5994/567) + 69/(-7)*-3 is divided by w?
7
Let p(v) = 4*v - 21. Let a be p(10). Let c = 19 - a. Suppose 66 = 5*b - w, -4*b - 4*w + c*w + 72 = 0. What is the remainder when b is divided by 4?
2
Let p = -1 + 1. Suppose 2*f - 5*f + 66 = p. What is the remainder when ((-318)/(-12))/((-2)/(-8)) + 1 is divided by f?
19
Suppose 5*n = 5*j - 85, 6*j + 4*n + 36 = 8*j. What is the remainder when 394 is divided by j?
10
What is the remainder when 186/40*5*16 is divided by 22?
20
Suppose o - 10 = -5*q + 2, o - 2*q - 40 = 0. What is the remainder when 113 is divided by o?
17
Let g(c) = c**2 - c + 3. Let d be g(0). Suppose -3*v = -5*v + 6. What is the remainder when (d + 9)*(-6)/(-9) is divided by v?
2
Let m(w) = w**2 + w + 3. Suppose -b = 3*h - 11, 3*h - 8*b = -11*b + 9. What is the remainder when m(-5) is divided by h?
3
Let u(r) = r**2 + 22*r - 67. Calculate the remainder when 119 is divided by u(3).
7
Let y(g) be the first derivative of -3*g**2 + 54*g + 13. What is the remainder when 34 is divided by y(6)?
16
Let v be (-6)/33 - (-9)/(-11). Calculate the remainder when (-3)/((3/(-7))/3) is divided by 12/((-3)/2*v).
5
Let z(p) = -20*p + 65. What is the remainder when 313 is divided by z(-2)?
103
Suppose -s + 105 = 2*q, 54 = q + s - 2*s. What is the remainder when q is divided by 26?
1
Let v(r) = -r**3 + 10*r**2 - 15*r + 5. What is the remainder when (5/(-10)*6)/((-3)/62) is divided by v(8)?
10
Let g = 30 - 2. What is the remainder when g is divided by (-2)/28 - ((-1265)/70 + 8)?
8
Let z(f) = -f**3 - 6*f**2 + f - 28. What is the remainder when (-9)/(2 - -1) - -26 is divided by z(-7)?
9
Let z = -20 + -8. Let j = z + 116. Calculate the remainder when j is divided by 30.
28
Suppose -34*g + 705 = -111. Calculate the remainder when 143 is divided by g.
23
Suppose -4*m - 299 = -5*f - 41, -10 = 5*m. Suppose 4*i = -4*w + 88, 5*w = 5*i - 69 - 91. Calculate the remainder when f is divided by i.
23
Let p(v) = -2*v - 13. Let l be p(-9). Suppose -l*q - 34 = -b, 2*q + 6 - 4 = 0. What is the remainder when b is divided by 6?
5
Suppose -v = -2*v + 4*o + 11, 4*o + 8 = 0. Let b(r) = -r**3 + 2 + r + 3*r**2 - 4*r + v*r + r. Calculate the remainder when 21 is divided by b(2).
5
Let b(f) = 7*f + 33. Let n be b(17). Suppose -6*g + 8 = -2*g, n = 3*s - 5*g. What is the remainder when s is divided by 14?
12
Suppose -v - 3 = -d, 4*v + 2*d + 4 - 10 = 0. Suppose -19*z - 30 = 2*z - 219. What is the remainder when z is divided by 5 + 0 + v/1?
4
What is the remainder when 377 is divided by (((-5382)/(-115))/13)/(2/5)?
8
Suppose 0*m = 3*m - k - 65, 0 = 2*m + 2*k - 46. Suppose -2*r - 8 - 4 = -2*n, r + m = 3*n. What is the remainder when 29 is divided by n?
5
Suppose 6*c - 133 = -c. Suppose -19 - c = -2*a. Calculate the remainder when 55 is divided by a.
17
Let b = -48 - -52. Suppose b*l + 36 = 2*h + 2*l, 42 = 4*h + 2*l. Calculate the remainder when 64 is divided by h.
12
Suppose -395*b + 387*b + 144 = 0. What is the remainder when 29 is divided by b?
11
Suppose -5*u - t = 2 + 2, -2*u = -2*t - 8. Suppose u*x = 3*x - 87. What is the remainder when x is divided by 17?
12
Let w(q) = 6*q + 280. Calculate the remainder when ((-2)/4)/((-7)/882) is divided by w(-43).
19
Let f(c) = -13*c**3 + c**2 - c - 1. Let b(y) = 116*y - 400. Calculate the remainder when b(4) is divided by f(-1).
8
Suppose -5*b + 2*l = -27, 2*b - 4*l + 0*l - 14 = 0. Calculate the remainder when b is divided by 1.
0
Let q = 265 + -475. Let p = q - -328. Calculate the remainder when p is divided by 17.
16
Let l be 2/(20/39 + (-8)/(-52)). Suppose l*n = 5*n - 110. What is the remainder when n is divided by 30?
25
Let v = 279 - 266. Suppose 4*c - 2*i = 114, -102 = -3*c - 6*i + 2*i. Calculate the remainder when c is divided by v.
4
Suppose 6 = 4*q - 2*q. Let s(a) = 14*a**3 - 57*a**q - 2 - 21*a**3 + 1. What is the remainder when s(-1) is divided by 22?
19
Calculate the remainder when 71 is divided by (4 - 2) + -2*(-3)/6.
2
Suppose 0 = -797*f + 806*f - 540. Calculate the remainder when 416 is divided by f.
56
Suppose 5*l + l = 798. What is the remainder when l is divided by 66?
1
Let q = -885 - -1009. Calculate the remainder when q is divided by -3 + 4/(12/87).
20
Let i be (-5)/(-10) - 1*126/(-4). Suppose -16*c = -14*c - i. Suppose 84 = 3*r - 102. What is the remainder when r is divided by c?
14
Let y be 6/(-2) + -2 + 2 + -8. Let l = y + 23. Calculate the remainder when l is divided by 5.
2
Suppose -14*a + 373 = 289. What is the remainder when 13 is divided by a?
1
Let j(y) = 11*y**2 - 69*y - 34. What is the remainder when j(16) is divided by 105?
103
Suppose 0 = 2*t - f - 136 - 51, 5*t + 3*f = 440. Calculate the remainder when t is divided by 47.
44
Let c(m) = 7*m**2 - 6*m - 9. What is the remainder when 629 is divided by c(4)?
76
Let z(a) = 10*a**2 + 2*a + 2. Let g = 55 + 57. What is the remainder when g is divided by z(-2)?
36
Let h = -509 + 619. Calculate the remainder when h is divided by 16.
14
Calculate the remainder when ((-9)/2 - -3)*(-168)/9 is divided by 14.
0
Let z be 4/(-10) + 318/(-30). Let w = z - -35. Suppose -3*l = 3*v + 2*l - w, -3*l = -3*v. Calculate the remainder when 11 is divided by v.
2
Suppose -3*a + 2*r = -184, -317 = -5*a - 2*r + 11. What is the remainder when 446 is divided by a?
62
Let y(a) = -a**3 - 14*a**2 - 29*a - 14. Calculate the remainder when y(-12) is divided by 6.
4
Let w = -232 - -274. Calculate the remainder when w is divided by 32.
10
Let a be 1 - (2 - -5 - 2). Calculate the remainder when 34 is divided by (a - -7)*12/2.
16
Let c = 1069 + -602. What is the remainder when c is divided by 11?
5
Let z(i) = i + 14. Suppose 5*k = -4*n + 86, -52 = -4*k - 4*n + 5*n. Let l(j) = j**3 - 2*j**2 + 2*j - 4. Calculate the remainder when l(5) is divided by z(k).
25
Suppose 2*y + 5*v = 238, 3*v = -2*y + 3*y - 108. Calculate the remainder when y is divided by 56.
2
Suppose 0 = 4*v - 83 + 19. Let n = 1391 - 1364. What is the remainder when n is divided by v?
11
Suppose 0 = 2*h + 2, 4*h = 4*s - 2*s - 274. Calculate the remainder when s is divided by 8.
7
Suppose -103*w + 145 = -98*w. Calculate the remainder when w is divided by 2.
1
What is the remainder when 10/(-12) + (-13257)/(-162) is divided by 6?
3
Calculate the remainder when 55 is divided by (183/244)/(3/(2*42)).
13
What is the remainder when (-91*(-6)/24)/((-3)/(-12)) is divided by 36?
19
What is the remainder when ((-10)/(-15))/((-22)/(-15246)) is divided by 117?
111
Let j = 183 + 462. What is the remainder when j is divided by 81?
78
Suppose 29 = 3*i - 2*i + 4*s, i + 5*s - 34 = 0. What is the remainder when 24 is divided by i?
6
Let r = 15 - -8. Suppose -13 = -r*f + 22*f. What is the remainder when 35 is divided by f?
9
Let a(f) = 3*f 